s of f(n)?
11
Let g(r) = r**3 + 2*r**2 - r + 2. Let s be g(-2). Let o be 4/16 - (-171)/s. Let t = -31 + o. List the prime factors of t.
2, 3
Let a = -15 - 1. List the prime factors of (4/4)/((-2)/a).
2
Let t be ((-176)/(-12))/((-2)/6). List the prime factors of (-8)/t + (-194)/(-22).
3
Let v = -92 + 280. What are the prime factors of v?
2, 47
Let o = 3 - 3. Suppose 4*g - 8 + 18 = -2*z, 3*g + 15 = o. Suppose -2*a + 49 = z*m, -4*m + 0*a + 42 = 3*a. What are the prime factors of m?
3
Let y(i) = -i**2 - 8*i + 4. Let k be y(-6). Suppose -4*d = -2*d - k. What are the prime factors of d?
2
Let r(d) = -3*d**2 - 9*d + 3. Let p(w) = 7*w**2 + 18*w - 6. Let l(x) = 2*p(x) + 5*r(x). List the prime factors of l(-7).
17
Suppose 11 + 23 = 2*v. Suppose -w + 2*c - v = 0, -w - 3*c - 2*c + 11 = 0. List the prime factors of 2/w - 770/(-63).
2, 3
Let y(o) = o**3 - 2*o**2 - o + 1. Let l be y(3). Let p = l + 2. What are the prime factors of p?
3
Suppose 3*u - 3 = 3. Suppose 3*r = -4*c + 22, -u*r + 8 = 4. Suppose 2*z + c*b = 0, 0 = 3*b - b + 10. List the prime factors of z.
2, 5
Let j be 0 + 1/1 - -2. Suppose 2*i = -0*i - 8. What are the prime factors of (i + j)*(-1 + -1)?
2
Let b be (-4)/14 + (-204)/(-28). Suppose 4 = 2*j + 2*d, -5*j + 5*d - 30 + 0 = 0. Let c = j + b. List the prime factors of c.
5
Suppose 5*m - 15 = -5*o - 5, 12 = -2*m + 2*o. Let u be (3*-1 - m) + 14. Suppose 0 = 5*z - 12 - u. What are the prime factors of z?
5
Let u be 1/3 + 11/3. Let p be (-26)/(-4) - u/8. Suppose -g + 3 = 0, -g - 35 = -4*n + p. List the prime factors of n.
11
Let u = -23 + 16. Let q be (112/u)/(2/(-9)). List the prime factors of ((-1)/3)/((-3)/q).
2
Let l be 4/(-6) - 25/(-15). Let m = l + 1. What are the prime factors of 7*m + 6 + -6?
2, 7
Let w be ((-4)/(-8))/((-2)/12). Let h be (6/(-4))/(w/20). Let d = h + -2. What are the prime factors of d?
2
Let x = 14 + 11. Suppose 0 = 2*z - 7 - x. What are the prime factors of z?
2
Let c(u) = u**3 - 13*u**2 + 14*u - 11. What are the prime factors of c(12)?
13
Let x(y) = 6*y**2 + y - 1. Let r be x(1). Suppose -9 = 3*q - r*q. What are the prime factors of q?
3
Suppose g - 29 = 15. Suppose -4*s - 40 = -w - s, 2*w - g = -3*s. What are the prime factors of w?
2, 7
Let p = -273 + 435. List the prime factors of p.
2, 3
Suppose 36*n = 28*n + 1104. What are the prime factors of n?
2, 3, 23
Let g = -21 - -10. Let l = g + 20. Suppose 6*a = a + 4*f + l, 0 = -4*a + f + 16. What are the prime factors of a?
5
Suppose -815 - 481 = -8*y. List the prime factors of y.
2, 3
Let n = -5 + 6. What are the prime factors of n/((-2)/(-18)) + -2?
7
Let n(u) = -u**3 + 6*u**2 - 4*u + 3. What are the prime factors of n(5)?
2
Let z(a) = -7*a - 6. Suppose -5*y = -4*w + 12, 0 + 2 = y - 3*w. Let c(m) = m. Let n be c(y). What are the prime factors of z(n)?
2, 11
Let p(o) be the third derivative of -o**4/12 - o**3 + 3*o**2. Let z be p(-4). Suppose -3*w - m - 3*m + 11 = 0, z*m = 4*w - 22. List the prime factors of w.
5
Suppose -4*o + 1 = -7. Let y(l) = -2*l + 0*l**2 + 1 + 3*l**2 - 2*l**2 + 3*l**o. List the prime factors of y(1).
3
Let p be (-16)/(-12) - (-2)/3. What are the prime factors of (-39)/(-6) + 1/p?
7
Suppose 4*o - 19 - 17 = -c, 0 = -3*o + 9. What are the prime factors of c?
2, 3
Let x = 116 + -89. List the prime factors of x.
3
Let q = 1 - -2. Suppose -q*a - 5*x + 25 = 0, -2*a = -0*x + x - 5. What are the prime factors of (a + -10)*(1 - 2)?
2, 5
Suppose 4*q - 2 = 6. Suppose 5*c = -q*u + 8, 0 = -3*u - 2*c + c + 25. What are the prime factors of u?
3
Let n(j) = -3*j - 11. Let z(m) = -m - 5. Let w(a) = 4*n(a) - 9*z(a). List the prime factors of w(-5).
2
Suppose -3*o + 33 = -0*o. What are the prime factors of o?
11
Let m = -65 - -93. Let w = 105 + -61. Let b = w - m. What are the prime factors of b?
2
Suppose 0*a + 35 = 5*a. Let k = a - -10. What are the prime factors of k?
17
Let d(q) = q**2 - 2*q - 1. Let j be d(-1). Suppose 0 = -2*k - j*k + 16. List the prime factors of k.
2
Let n = 5 - 11. Let k be ((-10)/4)/(3/n). Suppose -71 = -k*s - 4*u, 3*s - 4*s + u + 16 = 0. List the prime factors of s.
3, 5
Suppose 24 = 4*r - r. Suppose 0 = -f - 1 + r. Let g = 24 - f. What are the prime factors of g?
17
Suppose 14 = 4*h - 2*z, 0 = -4*h - 4*z + 32. Suppose 4*t - d - 14 = 0, t = h*d - 4 - 2. What are the prime factors of t?
2
List the prime factors of 18/(-3)*(-20)/8.
3, 5
What are the prime factors of (18/54)/((-1)/(-30))?
2, 5
Let g = 19 - 10. What are the prime factors of g - (3/3 - 2)?
2, 5
Suppose -15 = -3*s - 117. Let f be 15/(22/(-8) + 2). Let h = f - s. What are the prime factors of h?
2, 7
Let h(x) = -x**2 - 7*x - 4. Let b be h(-5). Suppose -k = 5*d - 35, 5*k = -b + 31. What are the prime factors of -12*d/(-45)*5?
2
Let l = 8 + -4. List the prime factors of l.
2
Let j = 24 - 16. Suppose 3*b - p - 19 = -j, -4*b + 4*p = -28. Let g = 9 - b. What are the prime factors of g?
7
Let b(v) = -3*v + 20. Let p(a) = a - 7. Let x(g) = 3*b(g) + 8*p(g). Let l be x(7). What are the prime factors of 0/(-3) - 0 - l?
3
Let t = -10 - -15. Suppose t = -2*i + 3*i. What are the prime factors of i?
5
Let p(a) = a + 11. Let m be p(-9). Suppose -v - 16 = -6*v + f, 16 = m*v + 2*f. What are the prime factors of v?
2
Let l(b) = -b**3 + b + 200. Let q be l(0). Suppose -q = -3*z - z. What are the prime factors of z?
2, 5
Let u(o) = 4*o**2 + 0*o**2 + 5 - 3*o**2 + 9*o. List the prime factors of u(-9).
5
Let u be 4 - 6 - (0 + -2). Suppose 2*s + 2*s - 8 = u. Suppose i = 5*y + 11, 0*i = s*i + 5*y - 7. List the prime factors of i.
2, 3
Suppose -r = r - 28. List the prime factors of r.
2, 7
Suppose 4*b - 2 = -4*n + 22, n - 5 = 0. Suppose 0 = 2*r - 25 - b. Suppose -u = -r + 4. What are the prime factors of u?
3
Suppose -4*i - 16 = -312. What are the prime factors of i?
2, 37
Let j = -119 - -179. Suppose -g - j = -4*g. List the prime factors of g.
2, 5
Let j(z) = -z**3 - z**2 - 3*z + 3. List the prime factors of j(-4).
3, 7
Let v(j) = j**3 + 7*j**2 - 4*j + 4. List the prime factors of v(-7).
2
Suppose 0 = 6*b - 2*b. Suppose b = 3*t + t + 40. What are the prime factors of (-8)/(-3) - t/(-15)?
2
Let i = 9 + -3. Let z = -1 + i. List the prime factors of z.
5
Let u = -79 + 171. What are the prime factors of u?
2, 23
Let v(i) = i**3 - 21*i**2 - 20*i - 9. What are the prime factors of v(22)?
5, 7
Let x = -5 + 32. What are the prime factors of x?
3
Suppose -2*a - 3 = -11. Suppose -16 = -4*q - 9*l + a*l, -3*l - 4 = -q. Suppose -10 = -2*s - 2*z, q*z - 12 + 2 = s. What are the prime factors of s?
2
Let m be (-4)/8 + 5/2. Let w(g) = g - 1. Let a be w(2). Suppose a = m*k - 3. List the prime factors of k.
2
Let t(z) = z**3 - 10*z**2 + 4*z + 14. Let a be t(10). Let h = a + -33. What are the prime factors of h?
3, 7
Let g(t) = t**2 + 2*t + 3. Let m be g(-2). Let b = 0 + -1. Let j = b + m. List the prime factors of j.
2
Let i be (-105)/14*(-4)/6. Let m(s) = s**2 - 5*s + 2. List the prime factors of m(i).
2
Let d = -242 - -625. What are the prime factors of d?
383
Let w be 3 - (-5)/(10/4). Suppose w*k - 67 = 3. What are the prime factors of k?
2, 7
Let h be (-1)/(-2 + 10/6). Suppose -h*t - 3 = -0*t, 4*t - 12 = q. Let c = -5 - q. List the prime factors of c.
11
Suppose 15 = 3*c - z, 4*z - 25 = -4*c + 7*z. Suppose 0 = -5*y + c*y + 7. What are the prime factors of y?
7
Let x = -10 + 15. Suppose 176 = 9*o - x*o. What are the prime factors of o?
2, 11
Suppose 3*j - 23 = -4*s, 2*j + 3*s - 14 = s. Let k = j + 0. What are the prime factors of k?
5
Suppose 64 = 2*y - 54. Let t = -28 + y. List the prime factors of t.
31
Let m be 1/3*(14 + -11). What are the prime factors of (-64)/(-2) + m + -4?
29
Let f = 35 - 14. Suppose f + 42 = q. Suppose -4*v + 1 = -q. What are the prime factors of v?
2
Let n(w) = 5*w**2 + 4*w + 5. What are the prime factors of n(-5)?
2, 5, 11
Let d(q) = 4*q + 2. List the prime factors of d(2).
2, 5
Let v = -5 - -6. Suppose -2*h = -v - 3. What are the prime factors of h?
2
Let b(h) = -h**3 - 6*h**2 + 7*h. Let p be b(-7). Suppose p = -5*x + 10 + 5. What are the prime factors of x?
3
Suppose -3*u - 3*r + 96 = -0*u, -u + 17 = -4*r. Let t = -15 + u. Let v = 26 - t. What are the prime factors of v?
2, 3
Suppose 7 = -2*r + k, -29 = 4*r - 0*k + k. Let x(c) = -5*c + 15. Let l(t) = -3*t + 8. Let o(i) = 7*l(i) - 4*x(i).